Let m be (-17600)/(-128) - 10/(-4). Suppose -2*b - 120 = -2*z, 4*b + 120 = -0*z + 2*z. Let v = z + -4. Calculate the highest common factor of m and v.
28
Suppose -c + 9 + 15 = 0. Calculate the highest common factor of 720 and c.
24
Let v be (7 - 707/21)*(-30)/4. Calculate the highest common factor of 10 and v.
10
Suppose 27 + 13 = 4*o. Let w = o + -9. Let k be 2/9 - 125/(-45). What is the highest common divisor of w and k?
1
Suppose 24*f + x = 22*f + 336, 0 = -4*f - 5*x + 660. What is the highest common factor of f and 68?
34
Suppose 3 = -f + 11*p - 12*p, -3*f - 14 = 4*p. What is the highest common factor of 2 and f?
2
Let d be 1/3 - (-364)/(-12). Let q = -25 - d. Suppose q*m - 75 = -15. Calculate the greatest common divisor of m and 24.
12
Suppose 18*q - 199 = 377. What is the highest common divisor of 10 and q?
2
Suppose 4*h - x = 110, x + 83 - 1 = 3*h. Let o be (-13)/(-3) + (-1)/3. What is the greatest common divisor of o and h?
4
Let o be (-4)/(-6) + 520/30. Suppose -381 = -7*q + o. What is the greatest common divisor of 19 and q?
19
Let o = 10 + -8. Suppose 3*g = -4*h + 243, -15 = -o*h + 3*g + 120. Let n(p) = p - 5. Let q be n(14). Calculate the greatest common divisor of q and h.
9
Suppose -3*n = -n - 3*d, 0 = -5*n + 3*d. Let v be (n/4 + -1)*-5. Suppose 0 = 5*c, 4*g - 10 + 2 = v*c. What is the greatest common divisor of 22 and g?
2
Let m = -57 + -5. Let q = m + 72. Calculate the highest common factor of 20 and q.
10
Suppose -33 = -3*t - 0*t. Let n be (-9 - (-8)/2) + 126. Calculate the highest common factor of n and t.
11
Suppose 57 = -3*j - 129. Let m = -52 - j. Calculate the greatest common divisor of m and 90.
10
Let y(w) = 20*w**3 - w**2 + w - 1. Let c = -14 + 17. Suppose 5 = -c*n + 8. Let t be y(n). Calculate the highest common factor of t and 76.
19
Let u(w) = 3*w + 2*w - 1 - w - 1. Let f be u(8). Let p be (45/10 + -5)*-24. What is the greatest common divisor of p and f?
6
Let w(r) = -r**3 - 14*r**2 + r + 122. Let m be w(-17). Calculate the highest common factor of 2 and m.
2
Suppose -3*l + 0*n + 2*n = -94, 4*l + 5*n - 87 = 0. What is the highest common divisor of 1442 and l?
14
Let g(t) = t**2 - 49*t + 405. Let w be g(39). Calculate the highest common divisor of w and 1065.
15
Suppose -3*c + 196 = 4*c. Suppose v - 44 - c = 0. Calculate the highest common divisor of 48 and v.
24
Suppose 9109*n - 9106*n - 33 = 0. What is the greatest common factor of n and 3091?
11
Let d be (-28)/(-16)*-12*(-2 + -5). What is the greatest common divisor of 14 and d?
7
Suppose -j - j = 0. Let c = 0 - -6. Let m = c + j. What is the greatest common factor of 48 and m?
6
Let p(h) = -h + 7. Let q be 5/2 + (-3)/6. Let c be -1*1/q*10. Let v be p(c). What is the highest common factor of v and 4?
4
Let v = -669 - -671. Calculate the greatest common factor of 94 and v.
2
Suppose 3*x + 507 = 5*o, -6*x + 2*x + 412 = 4*o. Calculate the greatest common divisor of 51 and o.
51
Let r(h) = -10*h - 5. Suppose 4*k + x = 16, -3*x + 8 = -k + 3*k. Let j be r(k). Let b = j + 78. What is the highest common divisor of b and 3?
3
Suppose -4*n + 6 = -6. Let y be -3 + (-3 - (-126)/n). What is the greatest common divisor of 90 and y?
18
Let l be (2 - -76) + (5 - 6). Let p = -11 + l. What is the greatest common divisor of 110 and p?
22
Let x(j) = 9*j - 326. Let y be x(40). Calculate the highest common factor of 901 and y.
17
Suppose 4*y - 4*t + 5*t - 2436 = 0, 2*t + 8 = 0. Let u = y - 390. Let g be 2 - (1/(-1) - 17). Calculate the highest common factor of g and u.
20
Suppose -1 = -4*w + 51. Suppose -h + 16 = w. Calculate the greatest common factor of 33 and h.
3
Let u be 3*3/(-3) + -1. Let r be ((-2)/3)/(u/2052). Calculate the greatest common divisor of r and 38.
38
Let s = -239 - -244. What is the greatest common divisor of 255 and s?
5
Suppose 0 = -6*l + 8*l - 336. Suppose 4*g = g + l. Let k(j) = -j**3 + 7*j**2 + 7. Let f be k(7). What is the greatest common divisor of g and f?
7
Suppose -5*p + 110 = -4*c, -c + 5*c + 38 = p. What is the highest common divisor of p and 333?
9
Let k = -106 - -246. Suppose 0 = -3*z + k + 292. Let s = 37 - 19. Calculate the highest common factor of z and s.
18
Let m(d) = 30*d**2 - 16*d + 8. Let g be m(-4). Calculate the highest common factor of 23 and g.
23
Let d be (2 - 2 - 54) + -3. Let g = d - -98. Let v = 65 - g. Calculate the greatest common divisor of v and 3.
3
Let b be (9/9 + 5)/(4/10). Calculate the greatest common divisor of b and 135.
15
Let a be (-2)/8 - 185/(-20). Let w = -4 - -8. Suppose 33 - a = w*o. What is the highest common divisor of o and 12?
6
Let g(j) = -3*j**2 + 7*j - 6. Let x be g(7). Let s = x + 149. Let o be (-8)/(-6)*s/10. What is the highest common factor of o and 66?
6
Let o = -93 + 65. Suppose 13 + 21 = -2*t. Let d = t - o. Calculate the greatest common divisor of d and 55.
11
Let g be 26/7 + 69/21 + -3. Suppose 0 = j - 3*j + 12. Calculate the greatest common divisor of g and j.
2
Let r(j) = j**3 + 39*j**2 + 76*j + 86. Let f be r(-37). Let b(z) = 6*z**3 - 2*z**2 - z - 2. Let q be b(2). Calculate the highest common factor of f and q.
12
Suppose 764 - 872 = -2*r. Let d = -35 - -71. Calculate the greatest common divisor of d and r.
18
Suppose 0 = -7*g + 12*g - 210. What is the greatest common factor of 42 and g?
42
Suppose -2*s - 2 + 10 = 0. Suppose 14 + 2 = s*w. Suppose -5*r - 81 = -w*a + 43, -3*a - 4*r = -124. What is the highest common factor of 54 and a?
18
Suppose -4*v = -f, 0 = -v + f + 62 - 65. What is the greatest common divisor of v and 243?
1
Suppose -4*f - 186 = -3*a, f + 13 - 10 = 0. Calculate the greatest common factor of a and 58.
58
Let y(w) = 5*w**2 + 3. Let f(v) = 5*v**2 - v + 3. Let s(b) = -4*f(b) + 5*y(b). Let i be s(-3). Calculate the highest common factor of 8 and i.
4
Suppose -16*y + 104 = -12*y. Let z be (2 - y)/(-4) - (3 + 0). Calculate the greatest common factor of z and 4.
1
Let y(q) = 16*q + 29*q**2 + q**3 + 9 - 3*q - 21*q**2. Let j be y(-6). Suppose 5 = 5*c, c + 3*c + j = a. Calculate the highest common factor of 7 and a.
7
Suppose 0 = -3*m + 3*t + 27, -6 = 2*t + 4. Suppose -m*b + 3*i = b - 11, -5*b - i = -23. Suppose -v + b*v = 9. What is the greatest common factor of v and 33?
3
Let m be (4 - 0)/((-3)/6). Let f be 0/m - 104/(-1). Let y = f - 48. What is the highest common divisor of y and 14?
14
Let m be -12*(1 - (1 + 2/4)). Suppose p - 60 = -4*j + m*p, 0 = -5*j - 2*p + 108. Calculate the highest common factor of j and 20.
20
Let j be (-16)/(-6) + (-1)/(-3). Let i be (1 - -3) + (3 - -3 - 4). What is the greatest common factor of i and j?
3
Suppose 4 - 45 = -h - 3*o, 2*o = 6. Calculate the greatest common divisor of 88 and h.
8
Let x be 6*(-5)/(-1) - -1. Let y be (6/3)/((-4)/(-6)). Suppose y*s - 240 = 132. Calculate the greatest common factor of s and x.
31
Let o = -1065 - -1105. Let l be (5/(-2))/(1/(-2)). What is the greatest common divisor of l and o?
5
Let k(v) = 3*v - 7. Let l = -7 - -18. Let a = l + -6. Let u be k(a). Calculate the greatest common divisor of u and 8.
8
Let l = -12 - -13. Let b(s) = -15*s**3 - 2*s**2 - s + 2. Let g be b(l). Let w = g + 19. Calculate the highest common factor of w and 3.
3
Suppose 0 = -3*i + g + 67, 0*i - 3*i + 97 = 5*g. Calculate the greatest common factor of 192 and i.
24
Let c be -3 - (0 + 3 + -8). Let r be 52/44 - c/11. Suppose 0 = -2*n - 0 + 2. Calculate the highest common divisor of r and n.
1
Suppose 0 = i + 3*i - 648. Let x be (21/(-49))/(1/(-42)). What is the highest common divisor of x and i?
18
Let c(d) = d**3 - 15*d**2 - 15*d - 15. Let q be c(16). Let w = 17 + -2. Let m = w + -13. What is the highest common divisor of q and m?
1
Suppose 20 = 4*u, -5*v + 4 = -4*v + 5*u. Let y = -19 - v. Let m be 72/(-2)*2/(-4). Calculate the greatest common divisor of m and y.
2
Suppose -5*p = 5*w + 502 - 1967, 1467 = 5*w + 4*p. Suppose -7*y + w = -76. Calculate the highest common factor of 53 and y.
53
Suppose k - 379 + 377 = 0. What is the highest common factor of 158 and k?
2
Let a(l) = -4*l**3 - 16*l**2 - 6*l. Let t be a(-7). What is the highest common factor of 180 and t?
90
Let w be 2/(-11) - ((-2316)/33 - -1). What is the greatest common divisor of w and 3?
3
Suppose -49 = 5*x + y, -2*y + 52 = -5*x - 0*x. Suppose 2*a + 110 = 5*h - 3*h, -2*a = h + 101.